{"id":201,"date":"2018-12-07T12:51:06","date_gmt":"2018-12-07T12:51:06","guid":{"rendered":"https:\/\/www.portalmultiplaconsultoria.com.br\/academy\/all-courses\/"},"modified":"2025-06-13T14:11:02","modified_gmt":"2025-06-13T17:11:02","slug":"todos-os-cursos","status":"publish","type":"page","link":"https:\/\/www.portalmultiplaconsultoria.com.br\/academy\/todos-os-cursos\/","title":{"rendered":"Todos os cursos"},"content":{"rendered":"\n\n\t<h1>\n\t\t\t\tTodos os Cursos\n\t\t\t<\/h1>\n\t<div id=\"ld-course-list-content-c4556973bc2af538cafa19d9bc0a5522\" class=\"ld-course-list-content\" data-shortcode-atts=\"{&quot;categoryselector&quot;:&quot;true&quot;,&quot;progress_bar&quot;:&quot;true&quot;,&quot;order&quot;:&quot;asc&quot;}\">\n\t\t\t<div class=\"ld-course-list-items row\">\n\t<!-- LearnDash Course Grid v1 --><div class=\"ld_course_grid col-sm-8 col-md-4 \">\n\t<article id=\"post-69\" class=\" thumbnail course post-69 sfwd-courses type-sfwd-courses status-publish has-post-thumbnail hentry\">\n\t\t\t\t\t\n\t\t\t\t\t\t<a href=\"https:\/\/www.portalmultiplaconsultoria.com.br\/academy\/curso\/administracao-rural-e-busca-por-resultados\/\" rel=\"bookmark\">\n\t\t\t\t<img loading=\"lazy\" decoding=\"async\" width=\"300\" height=\"200\" src=\"https:\/\/www.portalmultiplaconsultoria.com.br\/academy\/wp-content\/uploads\/2016\/12\/farmers-hold-notebook-check-modern-tobacco-fields-300x200.webp\" class=\"attachment-medium size-medium wp-post-image\" alt=\"\" srcset=\"https:\/\/www.portalmultiplaconsultoria.com.br\/academy\/wp-content\/uploads\/2016\/12\/farmers-hold-notebook-check-modern-tobacco-fields-300x200.webp 300w, https:\/\/www.portalmultiplaconsultoria.com.br\/academy\/wp-content\/uploads\/2016\/12\/farmers-hold-notebook-check-modern-tobacco-fields-1024x683.webp 1024w, https:\/\/www.portalmultiplaconsultoria.com.br\/academy\/wp-content\/uploads\/2016\/12\/farmers-hold-notebook-check-modern-tobacco-fields-768x512.webp 768w, https:\/\/www.portalmultiplaconsultoria.com.br\/academy\/wp-content\/uploads\/2016\/12\/farmers-hold-notebook-check-modern-tobacco-fields-600x400.webp 600w, https:\/\/www.portalmultiplaconsultoria.com.br\/academy\/wp-content\/uploads\/2016\/12\/farmers-hold-notebook-check-modern-tobacco-fields.webp 1152w\" sizes=\"auto, (max-width: 300px) 100vw, 300px\" \/>\t\t\t<\/a>\n\t\t\t\t\t\n\t\t\t\t\t<div class=\"caption\">\n\t\t\t\t<h3 class=\"entry-title\">Administra\u00e7\u00e3o rural e busca por resultados<\/h3>\n\t\t\t\t\t\t\t\t<div class=\"entry-content\"><p>Aprenda a gerir sua empresa rural para alcan\u00e7ar melhores resultados.<\/p>\n<\/div>\n\t\t\t\t\t\t\t\t<div class=\"ld_course_grid_button\"><a class=\"btn btn-primary\" role=\"button\" href=\"https:\/\/www.portalmultiplaconsultoria.com.br\/academy\/curso\/administracao-rural-e-busca-por-resultados\/\" rel=\"bookmark\">Come\u00e7ar agora!<\/a><\/div>\n\t\t\t\t\t\t\t\t\t\t\t\t\t\t\t\t\t\t\t\t\t\t\t\t\t\t\t<\/div><!-- .entry-header -->\n\t\t\t<\/article><!-- #post-## -->\n<\/div><!-- .ld_course_grid -->\n<!-- LearnDash Course Grid v1 --><div class=\"ld_course_grid col-sm-8 col-md-4 \">\n\t<article id=\"post-25214\" class=\" thumbnail course post-25214 sfwd-courses type-sfwd-courses status-publish has-post-thumbnail hentry\">\n\t\t\t\t\t\n\t\t\t\t\t\t<a href=\"https:\/\/www.portalmultiplaconsultoria.com.br\/academy\/curso\/captura-de-abelhas-sem-ferrao\/\" rel=\"bookmark\">\n\t\t\t\t<img loading=\"lazy\" decoding=\"async\" width=\"300\" height=\"200\" src=\"https:\/\/www.portalmultiplaconsultoria.com.br\/academy\/wp-content\/uploads\/2024\/07\/honey-bees-walking-wooden-bee-hives-300x200.webp\" class=\"attachment-medium size-medium wp-post-image\" alt=\"\" srcset=\"https:\/\/www.portalmultiplaconsultoria.com.br\/academy\/wp-content\/uploads\/2024\/07\/honey-bees-walking-wooden-bee-hives-300x200.webp 300w, https:\/\/www.portalmultiplaconsultoria.com.br\/academy\/wp-content\/uploads\/2024\/07\/honey-bees-walking-wooden-bee-hives-1024x683.webp 1024w, https:\/\/www.portalmultiplaconsultoria.com.br\/academy\/wp-content\/uploads\/2024\/07\/honey-bees-walking-wooden-bee-hives-768x512.webp 768w, https:\/\/www.portalmultiplaconsultoria.com.br\/academy\/wp-content\/uploads\/2024\/07\/honey-bees-walking-wooden-bee-hives-600x400.webp 600w, https:\/\/www.portalmultiplaconsultoria.com.br\/academy\/wp-content\/uploads\/2024\/07\/honey-bees-walking-wooden-bee-hives.webp 1344w\" sizes=\"auto, (max-width: 300px) 100vw, 300px\" \/>\t\t\t<\/a>\n\t\t\t\t\t\n\t\t\t\t\t<div class=\"caption\">\n\t\t\t\t<h3 class=\"entry-title\">Captura de abelhas sem ferr\u00e3o<\/h3>\n\t\t\t\t\t\t\t\t<div class=\"entry-content\"><p>Oriente-se na cria\u00e7\u00e3o de abelhas sem ferr\u00e3o e expanda suas col\u00f4nias.<\/p>\n<\/div>\n\t\t\t\t\t\t\t\t<div class=\"ld_course_grid_button\"><a class=\"btn btn-primary\" role=\"button\" href=\"https:\/\/www.portalmultiplaconsultoria.com.br\/academy\/curso\/captura-de-abelhas-sem-ferrao\/\" rel=\"bookmark\">Come\u00e7ar agora!<\/a><\/div>\n\t\t\t\t\t\t\t\t\t\t\t\t\t\t\t\t\t\t\t\t\t\t\t\t\t\t\t<\/div><!-- .entry-header -->\n\t\t\t<\/article><!-- #post-## -->\n<\/div><!-- .ld_course_grid -->\n<!-- LearnDash Course Grid v1 --><div class=\"ld_course_grid col-sm-8 col-md-4 \">\n\t<article id=\"post-25221\" class=\" thumbnail course post-25221 sfwd-courses type-sfwd-courses status-publish has-post-thumbnail hentry\">\n\t\t\t\t\t\n\t\t\t\t\t\t<a href=\"https:\/\/www.portalmultiplaconsultoria.com.br\/academy\/curso\/mapeamento-da-propriedade-rural\/\" rel=\"bookmark\">\n\t\t\t\t<img loading=\"lazy\" decoding=\"async\" width=\"300\" height=\"200\" src=\"https:\/\/www.portalmultiplaconsultoria.com.br\/academy\/wp-content\/uploads\/2024\/07\/view-land-plot-real-estate-business-development-300x200.webp\" class=\"attachment-medium size-medium wp-post-image\" alt=\"\" srcset=\"https:\/\/www.portalmultiplaconsultoria.com.br\/academy\/wp-content\/uploads\/2024\/07\/view-land-plot-real-estate-business-development-300x200.webp 300w, https:\/\/www.portalmultiplaconsultoria.com.br\/academy\/wp-content\/uploads\/2024\/07\/view-land-plot-real-estate-business-development-1024x682.webp 1024w, https:\/\/www.portalmultiplaconsultoria.com.br\/academy\/wp-content\/uploads\/2024\/07\/view-land-plot-real-estate-business-development-768x512.webp 768w, https:\/\/www.portalmultiplaconsultoria.com.br\/academy\/wp-content\/uploads\/2024\/07\/view-land-plot-real-estate-business-development-600x400.webp 600w, https:\/\/www.portalmultiplaconsultoria.com.br\/academy\/wp-content\/uploads\/2024\/07\/view-land-plot-real-estate-business-development.webp 1262w\" sizes=\"auto, (max-width: 300px) 100vw, 300px\" \/>\t\t\t<\/a>\n\t\t\t\t\t\n\t\t\t\t\t<div class=\"caption\">\n\t\t\t\t<h3 class=\"entry-title\">Mapeamento da Propriedade Rural<\/h3>\n\t\t\t\t\t\t\t\t<div class=\"entry-content\"><p>Aprenda a criar mapas de propriedades rurais e planeje sua produ\u00e7\u00e3o com precis\u00e3o.<\/p>\n<\/div>\n\t\t\t\t\t\t\t\t<div class=\"ld_course_grid_button\"><a class=\"btn btn-primary\" role=\"button\" href=\"https:\/\/www.portalmultiplaconsultoria.com.br\/academy\/curso\/mapeamento-da-propriedade-rural\/\" rel=\"bookmark\">Come\u00e7ar agora!<\/a><\/div>\n\t\t\t\t\t\t\t\t\t\t\t\t\t\t\t\t\t\t\t\t\t\t\t\t\t\t\t<\/div><!-- .entry-header -->\n\t\t\t<\/article><!-- #post-## -->\n<\/div><!-- .ld_course_grid -->\n\t<\/div>\n\t\t\t<\/div>\n\t\t\n\n","protected":false},"excerpt":{"rendered":"<p>Todos os Cursos<\/p>\n","protected":false},"author":3,"featured_media":0,"parent":0,"menu_order":0,"comment_status":"closed","ping_status":"closed","template":"","meta":{"site-sidebar-layout":"no-sidebar","site-content-layout":"page-builder","ast-site-content-layout":"default","site-content-style":"default","site-sidebar-style":"default","ast-global-header-display":"","ast-banner-title-visibility":"","ast-main-header-display":"","ast-hfb-above-header-display":"","ast-hfb-below-header-display":"","ast-hfb-mobile-header-display":"","site-post-title":"disabled","ast-breadcrumbs-content":"","ast-featured-img":"disabled","footer-sml-layout":"","ast-disable-related-posts":"","theme-transparent-header-meta":"enabled","adv-header-id-meta":"","stick-header-meta":"","header-above-stick-meta":"","header-main-stick-meta":"","header-below-stick-meta":"","astra-migrate-meta-layouts":"default","ast-page-background-enabled":"default","ast-page-background-meta":{"desktop":{"background-color":"","background-image":"","background-repeat":"repeat","background-position":"center center","background-size":"auto","background-attachment":"scroll","background-type":"","background-media":"","overlay-type":"","overlay-color":"","overlay-opacity":"","overlay-gradient":""},"tablet":{"background-color":"","background-image":"","background-repeat":"repeat","background-position":"center center","background-size":"auto","background-attachment":"scroll","background-type":"","background-media":"","overlay-type":"","overlay-color":"","overlay-opacity":"","overlay-gradient":""},"mobile":{"background-color":"","background-image":"","background-repeat":"repeat","background-position":"center center","background-size":"auto","background-attachment":"scroll","background-type":"","background-media":"","overlay-type":"","overlay-color":"","overlay-opacity":"","overlay-gradient":""}},"ast-content-background-meta":{"desktop":{"background-color":"var(--ast-global-color-5)","background-image":"","background-repeat":"repeat","background-position":"center center","background-size":"auto","background-attachment":"scroll","background-type":"","background-media":"","overlay-type":"","overlay-color":"","overlay-opacity":"","overlay-gradient":""},"tablet":{"background-color":"var(--ast-global-color-5)","background-image":"","background-repeat":"repeat","background-position":"center center","background-size":"auto","background-attachment":"scroll","background-type":"","background-media":"","overlay-type":"","overlay-color":"","overlay-opacity":"","overlay-gradient":""},"mobile":{"background-color":"var(--ast-global-color-5)","background-image":"","background-repeat":"repeat","background-position":"center center","background-size":"auto","background-attachment":"scroll","background-type":"","background-media":"","overlay-type":"","overlay-color":"","overlay-opacity":"","overlay-gradient":""}},"footnotes":""},"class_list":["post-201","page","type-page","status-publish","hentry"],"_links":{"self":[{"href":"https:\/\/www.portalmultiplaconsultoria.com.br\/academy\/wp-json\/wp\/v2\/pages\/201","targetHints":{"allow":["GET"]}}],"collection":[{"href":"https:\/\/www.portalmultiplaconsultoria.com.br\/academy\/wp-json\/wp\/v2\/pages"}],"about":[{"href":"https:\/\/www.portalmultiplaconsultoria.com.br\/academy\/wp-json\/wp\/v2\/types\/page"}],"author":[{"embeddable":true,"href":"https:\/\/www.portalmultiplaconsultoria.com.br\/academy\/wp-json\/wp\/v2\/users\/3"}],"replies":[{"embeddable":true,"href":"https:\/\/www.portalmultiplaconsultoria.com.br\/academy\/wp-json\/wp\/v2\/comments?post=201"}],"version-history":[{"count":0,"href":"https:\/\/www.portalmultiplaconsultoria.com.br\/academy\/wp-json\/wp\/v2\/pages\/201\/revisions"}],"wp:attachment":[{"href":"https:\/\/www.portalmultiplaconsultoria.com.br\/academy\/wp-json\/wp\/v2\/media?parent=201"}],"curies":[{"name":"wp","href":"https:\/\/api.w.org\/{rel}","templated":true}]}}