{"id":602,"date":"2023-01-27T12:24:22","date_gmt":"2023-01-27T15:24:22","guid":{"rendered":"https:\/\/www.portalmultiplaconsultoria.com.br\/academy\/?page_id=602"},"modified":"2025-06-11T17:00:43","modified_gmt":"2025-06-11T20:00:43","slug":"registrar","status":"publish","type":"page","link":"https:\/\/www.portalmultiplaconsultoria.com.br\/academy\/registrar\/","title":{"rendered":"Registrar"},"content":{"rendered":"\n\n\t\t\t<h3>Registrar<\/h3>\n                <form method='post' enctype='multipart\/form-data' target='gform_ajax_frame_2' id='gform_2'  action='\/academy\/?page_id=602&#038;fl_builder#gf_2' data-formid='2' novalidate>\n                        <label class='gfield_label gform-field-label' for='input_2_2'>Nome Completo(obrigat\u00f3rio)<\/label><input name='input_2' id='input_2_2' type='text' value='' class='large'   tabindex='100'  aria-required=\"true\" aria-invalid=\"false\"   \/><label class='gfield_label gform-field-label' for='input_2_4'>E-mail(obrigat\u00f3rio)<\/label>\n                            <input name='input_4' id='input_2_4' type='email' value='' class='large' tabindex='101'   aria-required=\"true\" aria-invalid=\"false\"  \/>\n                        <label class='gfield_label gform-field-label' for='input_2_7'>WhatsApp(obrigat\u00f3rio)<\/label><input name='input_7' id='input_2_7' type='text' value='' class='large'   tabindex='102'  aria-required=\"true\" aria-invalid=\"false\"   \/><label class='gfield_label gform-field-label' for='input_2_9'>Cidade(obrigat\u00f3rio)<\/label><input name='input_9' id='input_2_9' type='text' value='' class='large'   tabindex='103'  aria-required=\"true\" aria-invalid=\"false\"   \/><label class='gfield_label gform-field-label' for='input_2_10'>UF(obrigat\u00f3rio)<\/label><input name='input_10' id='input_2_10' type='text' value='' class='large'   tabindex='104'  aria-required=\"true\" aria-invalid=\"false\"   \/><label class='gfield_label gform-field-label' for='input_2_11'>Data de anivers\u00e1rio(obrigat\u00f3rio)<\/label>\n                            <input name='input_11' id='input_2_11' type='text' value='' class='datepicker gform-datepicker dmy datepicker_with_icon gdatepicker_with_icon' tabindex='105'  placeholder='dd\/mm\/aaaa' aria-describedby=\"input_2_11_date_format\" aria-invalid=\"false\" aria-required=\"true\"\/>\n                            DD barra MM barra YYYY\n                        <input type='hidden' id='gforms_calendar_icon_input_2_11' class='gform_hidden' value='https:\/\/www.portalmultiplaconsultoria.com.br\/academy\/wp-content\/plugins\/gravityforms\/images\/datepicker\/datepicker.svg'\/><label class='gfield_label gform-field-label' for='input_2_12'>CPF(obrigat\u00f3rio)<\/label><input name='input_12' id='input_2_12' type='text' value='' class='large'   tabindex='106'  aria-required=\"true\" aria-invalid=\"false\"   \/><fieldset id=\"field_2_14\"><legend class='gfield_label gform-field-label gfield_label_before_complex'>Senha(obrigat\u00f3rio)<\/legend>\n\t\t\t\t\t\t\t<input type='password' name='input_14' id='input_2_14'    value='' tabindex='107'  aria-required=\"true\" aria-invalid=\"false\"  \/>\n\t\t\t\t\t\t\t<button type='button' class='gform_show_password gform-theme-button gform-theme-button--simple' onclick='javascript:gformToggleShowPassword(\"input_2_14\");' aria-live='polite' aria-label='Mostrar a senha' data-label-show='Mostrar a senha' data-label-hide='Esconder senha'><\/button>\n\t\t\t\t\t\t\t<label for='input_2_14' class='gform-field-label gform-field-label--type-sub '>Digite sua senha<\/label>\n\t\t\t\t\t\t\t<input type='password' name='input_14_2' id='input_2_14_2'   value='' tabindex='108'  aria-required=\"true\" aria-invalid=\"false\" \/>\n\t\t\t\t\t\t\t<button type='button' class='gform_show_password gform-theme-button gform-theme-button--simple' onclick='javascript:gformToggleShowPassword(\"input_2_14_2\");' aria-live='polite' aria-label='Mostrar a senha' data-label-show='Mostrar a senha' data-label-hide='Esconder senha'><\/button>\n\t\t\t\t\t\t\t<label for='input_2_14_2' class='gform-field-label gform-field-label--type-sub '>Confirme a senha<\/label>\n\t\t\t\t\t<\/fieldset>\n         <input type='submit' id='gform_submit_button_2' class='gform_button button' onclick='gform.submission.handleButtonClick(this);' data-submission-type='submit' value='Enviar' tabindex='109' \/> <input type='hidden' name='gform_ajax' value='form_id=2&amp;title=&amp;description=&amp;tabindex=100&amp;theme=gravity-theme&amp;styles=[]&amp;hash=037549a8eec18dbd11e4851853253f32' \/>\n            <input type='hidden' class='gform_hidden' name='gform_submission_method' data-js='gform_submission_method_2' value='iframe' \/>\n            <input type='hidden' class='gform_hidden' name='gform_theme' data-js='gform_theme_2' id='gform_theme_2' value='gravity-theme' \/>\n            <input type='hidden' class='gform_hidden' name='gform_style_settings' data-js='gform_style_settings_2' id='gform_style_settings_2' value='[]' \/>\n            <input type='hidden' class='gform_hidden' name='is_submit_2' value='1' \/>\n            <input type='hidden' class='gform_hidden' name='gform_submit' value='2' \/>\n            <input type='hidden' class='gform_hidden' name='gform_unique_id' value='' \/>\n            <input type='hidden' class='gform_hidden' name='state_2' value='WyJbXSIsIjQ1ZjgwZmZjYTVhYWFlY2MxOWMyYmM5MzM4NjkwZTEzIl0=' \/>\n            <input type='hidden' autocomplete='off' class='gform_hidden' name='gform_target_page_number_2' id='gform_target_page_number_2' value='0' \/>\n            <input type='hidden' autocomplete='off' class='gform_hidden' name='gform_source_page_number_2' id='gform_source_page_number_2' value='1' \/>\n            <input type='hidden' name='gform_field_values' value='' \/>\n                        <\/form>\n\t\t                <iframe style='display:none;width:0px;height:0px;' src='about:blank' name='gform_ajax_frame_2' id='gform_ajax_frame_2' title='Este iframe cont\u00e9m a l\u00f3gica necess\u00e1ria para manusear os formul\u00e1rios Gravity Forms movidos a AJAX.'><\/iframe>\n\n","protected":false},"excerpt":{"rendered":"<p>Registrar Nome Completo(obrigat\u00f3rio)E-mail(obrigat\u00f3rio) WhatsApp(obrigat\u00f3rio)Cidade(obrigat\u00f3rio)UF(obrigat\u00f3rio)Data de anivers\u00e1rio(obrigat\u00f3rio) DD barra MM barra YYYY CPF(obrigat\u00f3rio) Senha(obrigat\u00f3rio) Digite sua senha Confirme a senha<\/p>\n","protected":false},"author":3,"featured_media":0,"parent":0,"menu_order":0,"comment_status":"closed","ping_status":"closed","template":"","meta":{"site-sidebar-layout":"no-sidebar","site-content-layout":"page-builder","ast-site-content-layout":"default","site-content-style":"default","site-sidebar-style":"default","ast-global-header-display":"","ast-banner-title-visibility":"","ast-main-header-display":"","ast-hfb-above-header-display":"","ast-hfb-below-header-display":"","ast-hfb-mobile-header-display":"","site-post-title":"disabled","ast-breadcrumbs-content":"","ast-featured-img":"","footer-sml-layout":"","ast-disable-related-posts":"","theme-transparent-header-meta":"","adv-header-id-meta":"","stick-header-meta":"","header-above-stick-meta":"","header-main-stick-meta":"","header-below-stick-meta":"","astra-migrate-meta-layouts":"default","ast-page-background-enabled":"default","ast-page-background-meta":{"desktop":{"background-color":"","background-image":"","background-repeat":"repeat","background-position":"center center","background-size":"auto","background-attachment":"scroll","background-type":"","background-media":"","overlay-type":"","overlay-color":"","overlay-opacity":"","overlay-gradient":""},"tablet":{"background-color":"","background-image":"","background-repeat":"repeat","background-position":"center center","background-size":"auto","background-attachment":"scroll","background-type":"","background-media":"","overlay-type":"","overlay-color":"","overlay-opacity":"","overlay-gradient":""},"mobile":{"background-color":"","background-image":"","background-repeat":"repeat","background-position":"center center","background-size":"auto","background-attachment":"scroll","background-type":"","background-media":"","overlay-type":"","overlay-color":"","overlay-opacity":"","overlay-gradient":""}},"ast-content-background-meta":{"desktop":{"background-color":"var(--ast-global-color-5)","background-image":"","background-repeat":"repeat","background-position":"center center","background-size":"auto","background-attachment":"scroll","background-type":"","background-media":"","overlay-type":"","overlay-color":"","overlay-opacity":"","overlay-gradient":""},"tablet":{"background-color":"var(--ast-global-color-5)","background-image":"","background-repeat":"repeat","background-position":"center center","background-size":"auto","background-attachment":"scroll","background-type":"","background-media":"","overlay-type":"","overlay-color":"","overlay-opacity":"","overlay-gradient":""},"mobile":{"background-color":"var(--ast-global-color-5)","background-image":"","background-repeat":"repeat","background-position":"center center","background-size":"auto","background-attachment":"scroll","background-type":"","background-media":"","overlay-type":"","overlay-color":"","overlay-opacity":"","overlay-gradient":""}},"footnotes":""},"class_list":["post-602","page","type-page","status-publish","hentry"],"_links":{"self":[{"href":"https:\/\/www.portalmultiplaconsultoria.com.br\/academy\/wp-json\/wp\/v2\/pages\/602","targetHints":{"allow":["GET"]}}],"collection":[{"href":"https:\/\/www.portalmultiplaconsultoria.com.br\/academy\/wp-json\/wp\/v2\/pages"}],"about":[{"href":"https:\/\/www.portalmultiplaconsultoria.com.br\/academy\/wp-json\/wp\/v2\/types\/page"}],"author":[{"embeddable":true,"href":"https:\/\/www.portalmultiplaconsultoria.com.br\/academy\/wp-json\/wp\/v2\/users\/3"}],"replies":[{"embeddable":true,"href":"https:\/\/www.portalmultiplaconsultoria.com.br\/academy\/wp-json\/wp\/v2\/comments?post=602"}],"version-history":[{"count":0,"href":"https:\/\/www.portalmultiplaconsultoria.com.br\/academy\/wp-json\/wp\/v2\/pages\/602\/revisions"}],"wp:attachment":[{"href":"https:\/\/www.portalmultiplaconsultoria.com.br\/academy\/wp-json\/wp\/v2\/media?parent=602"}],"curies":[{"name":"wp","href":"https:\/\/api.w.org\/{rel}","templated":true}]}}